 prime number?
True
Is 6115273 a composite number?
True
Is 12546179 prime?
True
Is 2440513 composite?
False
Is 316388473 a prime number?
True
Is 18139353 composite?
True
Is 616722241 composite?
False
Is 1385273 a prime number?
True
Is 15309719 a composite number?
True
Is 140658599 composite?
False
Is 893105 a prime number?
False
Is 36631187 a prime number?
True
Is 539101037 a prime number?
False
Is 56778583 a composite number?
False
Is 4697429 a prime number?
False
Is 25443433 a prime number?
True
Is 33499751 a composite number?
False
Is 3292421 a composite number?
True
Is 12223 a prime number?
False
Is 10057907 a prime number?
False
Is 745471 prime?
True
Is 107862917 a prime number?
True
Is 47704637 composite?
False
Is 1058898347 prime?
False
Is 2496667 composite?
False
Is 3894763 a composite number?
False
Is 2657189 a prime number?
True
Is 398363819 a prime number?
False
Is 29072777 prime?
True
Is 15282259 a composite number?
False
Is 26182943 a prime number?
True
Is 7048673 composite?
False
Is 25383607 composite?
False
Is 2802301 a composite number?
False
Is 162511 a prime number?
False
Is 513071719 a composite number?
False
Is 85976791 composite?
True
Is 3725473 a composite number?
False
Is 4267517 a composite number?
False
Is 8482199 a composite number?
True
Is 7159303 composite?
False
Is 3470437 a prime number?
False
Is 231336299 a composite number?
False
Is 6180463 composite?
True
Is 24040447 a composite number?
True
Is 11270399 a prime number?
False
Is 5822351 a composite number?
False
Is 25942649 prime?
False
Is 108000763 prime?
False
Is 80661521 a prime number?
True
Is 8119173 composite?
True
Is 4705109 a prime number?
True
Is 21727637 composite?
False
Is 40550579 a prime number?
False
Is 2969867 a prime number?
True
Is 21905573 prime?
True
Is 147293761 prime?
True
Is 261454021 a prime number?
False
Is 569605019 a prime number?
True
Is 3581803 a composite number?
False
Is 5354633 a composite number?
False
Is 17109029 a composite number?
True
Is 223013 prime?
False
Is 4111931 a composite number?
True
Is 417753187 a prime number?
True
Is 453273 composite?
True
Is 120110671 composite?
False
Is 9229091 prime?
True
Is 70937843 prime?
False
Is 20426309 a prime number?
True
Is 5392799 prime?
True
Is 16406293 a composite number?
True
Is 49016579 prime?
True
Is 1495834 a composite number?
True
Is 251613113 composite?
False
Is 601507 a prime number?
True
Is 463093 prime?
True
Is 47699 composite?
False
Is 3369986735 composite?
True
Is 270550789 a prime number?
True
Is 447997483 prime?
False
Is 587827873 a prime number?
True
Is 6033667 prime?
False
Is 55440031 a prime number?
True
Is 494220361 prime?
True
Is 643277 a prime number?
False
Is 45146767 a prime number?
True
Is 15687781 a prime number?
True
Is 1638229 composite?
True
Is 1354811 composite?
False
Is 29008159 composite?
True
Is 51019537 a prime number?
False
Is 558863 a prime number?
True
Is 166666541 a prime number?
False
Is 115171261 a composite number?
False
Is 13296443 a prime number?
False
Is 20724061 prime?
False
Is 18698726 prime?
False
Is 1809671 a composite number?
False
Is 188839613 a prime number?
False
Is 201062801 a prime number?
True
Is 2707759 a composite number?
True
Is 5045567 composite?
False
Is 18475687 a composite number?
True
Is 1956307 a composite number?
True
Is 134577091 prime?
False
Is 27986833 composite?
True
Is 324351897 composite?
True
Is 1187003 prime?
True
Is 423206533 a composite number?
False
Is 78138805 composite?
True
Is 377139377 prime?
True
Is 5658169 prime?
False
Is 369622531 composite?
False
Is 6801617 a prime number?
False
Is 40418641 prime?
False
Is 3414629 a prime number?
True
Is 1774765 a composite number?
True
Is 2702237 a prime number?
False
Is 5210089 a composite number?
True
Is 30548897 prime?
False
Is 381697 composite?
False
Is 370582307 prime?
False
Is 6830063 prime?
False
Is 743423 prime?
True
Is 6700745 a composite number?
True
Is 423967 a composite number?
True
Is 145535561 a composite number?
False
Is 15908883 a composite number?
True
Is 23497 composite?
False
Is 155537359 a prime number?
True
Is 53698987 composite?
True
Is 247566023 a composite number?
True
Is 714031 composite?
True
Is 204695 prime?
False
Is 2379613 prime?
True
Is 89698481 a prime number?
False
Is 131359717 prime?
True
Is 138762431 a prime number?
True
Is 3991179 composite?
True
Is 1759847 a composite number?
False
Is 850387 prime?
True
Is 3964813 a prime number?
False
Is 15258853 a composite number?
False
Is 417757 prime?
False
Is 10235219 a composite number?
False
Is 488149081 a prime number?
False
Is 24206867 composite?
True
Is 2604163 composite?
False
Is 100933087 a prime number?
True
Is 313879 prime?
True
Is 86255927 prime?
False
Is 2601407 a composite number?
True
Is 224459341 a prime number?
False
Is 6063257 composite?
True
Is 369823 prime?
False
Is 2505619 a composite number?
True
Is 20309365 prime?
False
Is 259793 composite?
True
Is 80849 a composite number?
False
Is 12519673 composite?
False
Is 66828419 composite?
True
Is 1730281 composite?
True
Is 25432037 a prime number?
False
Is 76423069 prime?
True
Is 108040579 composite?
True
Is 44860227 a composite number?
True
Is 6254593 a composite number?
False
Is 390437923 a prime number?
True
Is 1388449 a composite number?
False
Is 21760307 prime?
False
Is 405001 prime?
True
Is 229891 composite?
True
Is 259589 prime?
False
Is 67771007 prime?
False
Is 39477299 composite?
False
Is 31574201 composite?
False
Is 51136991 a prime number?
True
Is 49487929 prime?
True
Is 700501 composite?
True
Is 1895699 a prime number?
False
Is 94069549 a prime number?
False
Is 5058359 composite?
False
Is 8594603 a composite number?
False
Is 1437407 a composite number?
True
Is 21872027 composite?
False
Is 16904429 prime?
True
Is 9270923 prime?
False
Is 378269 a prime number?
True
Is 15571571 a prime number?
True
Is 378179861 composite?
False
Is 2130341 a prime number?
True
Is 3926651 a prime number?
True
Is 1673627 a prime number?
True
Is 1689461 a prime number?
False
Is 41966699 composite?
False
Is 6315809 a composite number?
True
Is 443642249 a prime number?
False
Is 989968433 prime?
True
Is 22916539 prime?
False
Is 259899919 a composite number?
True
Is 163973 a prime number?
True
Is 28598371 a composite number?
False
Is 82697 a prime number?
False
Is 30268401 a prime number?
False
Is 160702793 a composite number?
False
Is 1893011 prime?
False
Is 34987285 prime?
False
Is 6935387 a prime number?
False
Is 2747021 prime?
True
Is 68802289 composite?
True
Is 90091 a composite number?
True
Is 5653381 a composite number?
False
Is 2710649 a composite number?
False
Is 222774841 a prime number?
True
Is 590125071 a composite number?
True
Is 115450117 composite?
True
Is 468079 a composite number?
False
Is 250721479 a prime number?
True
Is 2095273 a composite number?
True
Is 3622495 a prime number?
False
Is 24163613 a composite number?
True
Is 102920293 prime?
False
Is 3173021 a composite number?
False
Is 27028999 a prime number?
True
Is 438399446 composite?
True
Is 102955345 a composite number?
True
Is 4498343 a prime number?
True
Is 179754647 composite?
True
Is 15700093 a prime number?
True
Is 29816905 a composite number?
True
Is 2666607 composite?
True
Is 259411 a prime number?
True
Is 7427389 a prime number?
False
Is 12159281 a prime number?
True
Is 86257669 composite?
False
Is 1160015 a prime number?
False
Is 3463402 prime?
False
Is 290086061 a prime number?
False
Is 313987699 composite?
False
Is 58668137 composite?
True
Is 109565263 prime?
True
Is 1302251 composite?
True
Is 1098038 a prime number?
False
Is 276613 composite?
True
Is 2246107 a composite number?
False
Is 4011431 a prime number?
False
Is 51596089 composite?
False
Is 243252961 composite?
True
Is 47846941 prime?
True
Is 220346837 a composite number?
False
Is 36717643 a composite number?
False
Is 4527769 a prime number?
True
Is 421867 prime?
False
Is 32825467 a prime number?
True
Is 157912709 a prime number?
True
Is 17914781 composite?
False
Is 808573 a composite number?
True
Is 19865239 composite?
False
Is 38235187 a composite number?
False
Is 210159029 a composite number?
True
Is 7715651 composite?
True
Is 608711 prime?
False
Is 606691 a prime number?
False
Is 1147797095 compo